e -234435 - 113622 = -16*v - 40361. Is v a prime number?
True
Let q = 244 + -243. Is (6/(66/58333))/(0 + q) a composite number?
False
Let d(q) = 8513*q - 5869. Is d(124) a prime number?
False
Suppose 30582 = 5*p - 36733 + 17480. Is p composite?
False
Let d = 128024 + -75535. Is d a prime number?
True
Let a(x) be the third derivative of x**5/30 - x**4/8 - x**3/2 - 6*x**2. Let y be a(3). Suppose y*t - t = 5405. Is t prime?
False
Let p(j) = 107*j**3 + 26*j**2 - 73*j + 31. Is p(13) a prime number?
False
Let r = -4376 - -18877. Is r a prime number?
False
Suppose 283*h - 279*h - c - 4453687 = 0, 0 = -2*c - 6. Is h a composite number?
False
Let p = 89 - 86. Suppose -942 + 3716 = v + t, -11075 = -4*v + p*t. Is v prime?
False
Let g(z) = -40789*z + 209. Let v be g(-4). Suppose -6*o = -o, -5*a - o = -v. Is a a composite number?
True
Suppose 408801 = -88*r + 103*r - 13784544. Is r a prime number?
True
Suppose 3*l + 4*o - 3 + 28 = 0, 5*l + 3*o + 38 = 0. Let f be 289 - ((-26)/(-7) - 4)*l. Let z = 478 - f. Is z prime?
True
Suppose 3*o - 3 = 0, -20*p + 16*p + 2*o - 4994 = 0. Let i = 6163 - p. Is i a prime number?
True
Let w(f) be the second derivative of -22*f**3/3 + 105*f**2/2 + 2*f - 5. Is w(-13) composite?
False
Is 88386/(108/18)*7 a composite number?
True
Let z be 1/((-2)/(-5))*(-18)/(-45). Is ((-29)/(-87))/(z/30021) prime?
True
Suppose 0*b + 4*b = 28. Suppose -b*s + s + 240 = 0. Suppose s*n + 4395 = 45*n. Is n composite?
True
Let i = 17 - 4. Let s(p) = -p**3 + 14*p**2 + 5. Let d be s(i). Let k = 935 - d. Is k composite?
False
Let z = 15571 - -138246. Is z prime?
True
Let f(d) = -62*d**3 - 2*d**2 + d + 4. Let c(m) = m**2 - 199. Let o be c(-14). Is f(o) a composite number?
False
Let g = 35496 - -7403. Is g composite?
False
Let r(a) = -11*a**3 + 2*a**2 + 3*a + 2. Let y be r(-1). Suppose 0 = 2*q + y*k - 14*k - 9718, -24297 = -5*q + 4*k. Is q composite?
False
Let x be (12/(-10))/(2/(-5)). Suppose 4*v - 5 = -r, v - x*r = -23 + 8. Suppose -2*t + v*t + 46 = 0. Is t a prime number?
True
Let v = 14644 - 10039. Let f(z) = -z**3 - 11*z**2 - 10*z - 16. Let q be f(-19). Let d = v - q. Is d composite?
False
Suppose -w + 3*c = -c - 7, 3*c + 3 = 0. Let l(f) = 438*f**2 - 12*f + 1. Is l(w) composite?
False
Suppose k + 4*n = 42808 + 74351, 2*k - 234338 = -4*n. Is k composite?
True
Suppose -35*j + j + 225862 = 0. Let u = j + 1658. Is u a composite number?
True
Let h = 14503 - -15024. Is h a composite number?
False
Is 22*3/(-12)*-4874 a prime number?
False
Let f = 475788 - -133079. Is f a composite number?
True
Let x(v) = v**3 - 9*v**2 - 7*v - 22. Let b be x(10). Suppose b*t = 34*t - 146198. Is t a prime number?
True
Let z be 39*(-6)/54*(-3)/1. Let o = z - -376. Is o a prime number?
True
Let y(i) be the second derivative of 683*i**4/12 - 2*i**3/3 - 3*i**2/2 + 22*i. Let r be y(-1). Suppose -5*o + 1547 = t - r, t + 4 = 0. Is o composite?
True
Let p = 67 - 65. Is (24911/(-87))/(p/(-30)) composite?
True
Let h(o) = 412*o + 31. Let l be h(-1). Let n = l - -508. Is n a prime number?
True
Let l = 1651 - 460. Let o = 1778 - l. Is o prime?
True
Let q = -158 + 151. Is 1/q*-7 + 11400 prime?
False
Let i = 15634 + 304633. Is i composite?
False
Suppose 1268*s - 1291*s = -1150. Suppose 5*j - 2270 = 6175. Suppose -53*q = -s*q - j. Is q prime?
True
Let w = -37 + 37. Suppose 2*a - a = -2*r + 2968, w = -3*r. Let s = a + -1347. Is s composite?
False
Let w = -5 + 9. Let r be w + -2 + 4/4. Is (1 - -1 - -4) + r a composite number?
True
Let n(y) = 2*y - 4. Let f be n(-6). Let v be -2 + 0 - f/((-2)/(-1)). Is (-3 + 1372/v)/((-1)/(-3)) a composite number?
False
Let i = 61867 + -20814. Is i a prime number?
False
Let h be ((-160)/(-14))/5 + 2/(-7). Suppose -h*d + 0*d = 24. Let u(j) = -326*j - 5. Is u(d) a prime number?
True
Let i = -1089 - -3515. Is i/6 + (-160)/120 prime?
False
Let m be -3 - -2*(-458)/(-4). Let p = m + -35. Is p composite?
False
Is 1285 + 6 + -16 + 4 composite?
False
Let a(i) = -1580*i - 31. Suppose 0 = 2*v - 2, -11*g - 5*v = -14*g - 35. Is a(g) composite?
True
Suppose 4*h - 4*b + 276 = 0, -32 = 2*h - b + 103. Let w be (1 - 0)/((0 + -3)/h). Suppose 12*g = w*g - 8770. Is g prime?
True
Let u = 25324 + -10317. Is u a composite number?
True
Suppose -111*p + 7732353 + 8430246 = 0. Is p prime?
False
Suppose j + 20*d - 46899 = 24*d, 3*j - 2*d - 140677 = 0. Is j a composite number?
True
Let c be (-26)/5 - 4/5. Is (-4417)/c + 1 + 24/(-144) a prime number?
False
Is -54 - (-9 + -42) - 8*373682/(-4) composite?
False
Suppose -f - j + 9029 + 7602 = 0, -5*f = -j - 83167. Let o = f + -8624. Is o composite?
False
Is 3232509/14*19/((-684)/(-24)) prime?
True
Suppose 842 = -4*p + 6*p. Let v = 186 - p. Let y = 509 + v. Is y a composite number?
True
Suppose -3214*x + 3210*x + 450172 = 0. Is x prime?
True
Suppose 3*c = 5*b + 13, 4 + 0 = b. Suppose 4*m + 5 = -c. Is -1 - -6*m/(-6)*2 a composite number?
False
Suppose 0 = -4*w + 4, 117*l + w = 113*l + 214725. Is l composite?
False
Suppose 2*l - 3*l + 14085 + 365906 = 0. Is l a prime number?
False
Suppose 12*p - 140 + 20 = 0. Is p*5/10*2927/5 a composite number?
False
Let x = 12490 - -4305. Let b be x + 25/(15/(-3)). Suppose 2*w - 927 = g + 5790, 5*w - 5*g = b. Is w composite?
False
Let g be (-6)/(-21) - (-54)/(-42). Let v be -1 - 3 - (854 + g). Let o = -44 - v. Is o prime?
False
Suppose 3*j - 4*p - 5401 = 0, 132*p = 5*j + 129*p - 8987. Is j a composite number?
True
Let b be 94/(-23) - (-5 - 565/(-115)). Is 75804/12 - (b + -2) prime?
True
Let h(g) = 11 + 3*g**3 - 24*g + 26*g**2 - 2*g**3 - 8*g**2. Suppose -41*n - 90 = -36*n. Is h(n) composite?
False
Let k = 570 - 557. Suppose -k*x = -67750 + 18077. Is x a prime number?
True
Let t = 5623 - -8943. Is t a prime number?
False
Suppose -4*y - 5*i + 4*i + 137687 = 0, -2*y - 5*i = -68857. Is y prime?
True
Suppose 2*t = 2, -7*t = -2*c - 4*t + 134039. Is c a prime number?
True
Let y = -296 + 300. Let x(q) = -3*q**2 + 36*q + 9. Let b be x(12). Suppose 0 = u + 4, -1131 = -k + y*u - b*u. Is k a composite number?
False
Is 7996544/20 - ((-102)/15 - -7) a prime number?
False
Let y be ((-54)/(-12) + -4)/((-1)/(-1500)). Let j = y - 506. Suppose c - 15 = -2*q + 36, 2*q = 4*c - j. Is c a composite number?
False
Suppose 0 = -4*x + x - 39. Let j be 3 - (1 + x*3). Suppose 2*p = -j + 211. Is p a prime number?
False
Let y be 660/7 + 1*8/(-28). Suppose -3*p = -413 - y. Is p a composite number?
True
Suppose -21*y + 529493 = -12046750 - 1253244. Is y composite?
False
Let u = 37 - 100. Let q be (-1)/3 + (-122556)/u. Suppose -45*y + 40*y + q = 0. Is y a composite number?
False
Suppose 76 = -11*h + 120. Suppose 2*s - 4*v + 9*v = 109062, h*v - 16 = 0. Is s a prime number?
True
Let w(y) = -y**3 - 6*y**2 - 3*y - 7. Let p be w(-4). Let u = -30 - p. Let q = u - -124. Is q a prime number?
False
Is -659852*(-10 + (-3 - (-510)/40)) a composite number?
False
Let k(f) be the third derivative of f**6/30 + f**5/30 + f**4/2 - 9*f**3/2 - 25*f**2. Let o be k(6). Let a = o - 340. Is a a prime number?
True
Let c(h) = 318*h**2 - 8*h - 8. Let u be c(-5). Let s be (-5)/(-20) - u/(-8). Let y = s - 477. Is y a composite number?
False
Suppose 7*c - c = 12. Suppose 4*w = 4*k + 1520, w - c*k - 386 = -7*k. Is w a prime number?
False
Let u = -39 + 67. Suppose 0 = -u*q + 27*q + 335. Suppose -3*y = 2*c - 981, y - 4*c = -2*c + q. Is y prime?
False
Suppose -9*k + 6 = -12. Suppose -3*v = s + 633, k*v - 5*v = -9. Let d = s - -941. Is d a prime number?
False
Is ((-2)/3)/(78/(-1546389)) composite?
False
Let f(n) = 3*n - 32. Let x be f(12). Suppose 2*y = 4*i - 4590, 0*y = -x*y + 4*i - 9172. Let d = -1596 - y. Is d a prime number?
False
Let q(m) = 90018*m - 4. Let u be q(2). Is (-2)/(-10) - (u/(-10))/4 prime?
False
Suppose v - 3*g = 4*v - 1332, 0 = 4*v - 2*g - 1746. Is v composite?
False
Suppose -91*q = -36*q - 10644755. Is q composite?
False
Let n = -2568 - -7597. Let u = -2786 + -766. Let v = u + n. Is v composite?
True
Let j(l) = 754*l**2 + 1. Let h be j(4). Let b = h - 6676. Is b prime?
False
Suppose -4*j - 9 + 33 = 0. Suppose -16*u + 60 = 28. Is ((-223)/u)/((-1)/j) a prime number?
False
Let u(z) = -37*z - 16*z + 64*z + 185. Is u(12) prime?
True
Suppose -5*k - 360129 = -4*d, -25090 = -2*d + 9*k + 154981. Is d composite?
False
Is (-928603)/(-14) - (-15)/70 a composite number